est common divisor of 242 and s.
22
Let v be (-8 + 12)*(-435)/(-10). Let d = v - -222. Calculate the highest common factor of 18 and d.
18
Suppose -50 - 40 = 128*o - 131*o. What is the highest common factor of 54 and o?
6
Let c = 31 - 39. Let h be 4/(-8) - 548/c. Let x be 1*(-70 + 2)/(-4). Calculate the greatest common divisor of x and h.
17
Let n(a) = -a**3 + 30*a**2 - 22*a + 744. Let p be n(30). What is the greatest common factor of p and 4053?
21
Let c = 479 + -489. Let d be (6/5)/(c/(-12800)). What is the highest common factor of 96 and d?
96
Let k = -71 - -224. Suppose -k*d + 648 = -150*d. Suppose 2*v = -0*v + 5*i + 48, -2*i = 0. Calculate the highest common divisor of d and v.
24
Let k be 4*(3/6)/1. Let m = -252 - -257. Suppose 45 = -k*c + m*c. What is the greatest common factor of c and 3?
3
Let p = 28562 - 28558. Let n(i) = -i**3 + 12*i**2 - 5. Let t be n(11). Calculate the greatest common divisor of p and t.
4
Let y be (-393864)/(-48) + (-10)/(-4). Calculate the greatest common factor of y and 576.
144
Suppose -51*l + 5*l = -54846 - 20824. What is the highest common divisor of l and 105?
35
Let o be 2740/16 - (-5)/(-20). Suppose 313*z = 321*z - 304. Calculate the greatest common factor of o and z.
19
Let g be 2/(-6) + 14/6. Suppose -g*z = -4*y + 432, 2*y + 534 = 7*y - 4*z. Calculate the highest common factor of y and 55.
55
Suppose 4*p - 4*g = 192, p - 25 = 4*g + 35. What is the highest common factor of 242 and p?
22
Let q(u) = -u - 17. Let f be q(-19). Let a be f/(-4) + (-1264)/(-32). What is the greatest common divisor of 3 and a?
3
Suppose 0 = -3*s + 7 + 29. Let n(c) = 1361*c + 7189. Let f be n(-5). What is the highest common divisor of s and f?
12
Let r be -6299*(-18)/63 + (8/28 - 0). What is the highest common factor of r and 72?
72
Let r be 3 + 36/(-15) + 219/(-15). Let h be (217/r)/(2/(-16)). Calculate the highest common divisor of 93 and h.
31
Suppose 5*n = 3*d + 203, 5*n + 363*d = 367*d + 204. Calculate the highest common factor of 30380 and n.
20
Suppose 5*p - 4883 = -3*b, 0 = -3*p + 25*b - 23*b + 2926. What is the greatest common factor of 305 and p?
61
Suppose 0 = -20*o + 17*o - 19*o + 7788. Calculate the highest common factor of 6 and o.
6
Suppose 7*y - 8 - 6 = 0. Let n be y*37 + (15/3 - 7). What is the greatest common divisor of 12 and n?
12
Suppose -3*w - k + 65 = 0, 4*w - 80 = 15*k - 18*k. Let q = 5 - -22. Let j = q - w. Calculate the highest common factor of j and 36.
4
Let q be 63/(-6)*((-4536)/49)/2. Let u = -160 + q. What is the highest common divisor of u and 2?
2
Let f(b) be the first derivative of b**4/4 - b**3 - 3*b**2/2 - 20*b + 108. Let w be f(5). Calculate the greatest common factor of w and 705.
15
Suppose -58*n = -61*n + 9. Suppose n*u - 46 = -4*m, 3*m + 3 = 6*m. What is the highest common divisor of 420 and u?
14
Let c(s) = 1 + 3*s + 4*s**2 + 0*s**2 + 0 + 0*s. Let u be c(4). Suppose 45*q + 347 = 842. Calculate the greatest common divisor of q and u.
11
Suppose 2*l - 462 = -9*l. Let x = 6630 - 6357. What is the greatest common divisor of x and l?
21
Suppose -5*b = -3*i - 10, -i + 5*i = 20. Suppose -s + 25 = 3*p + b, 4*s = -5*p + 66. Let r be 139 + 1/(-2)*-2. Calculate the highest common factor of s and r.
14
Let w(u) be the second derivative of -u**5/20 - 11*u**4/6 + 42*u**2 + u + 40. Let q be w(-22). What is the highest common factor of q and 294?
42
Let t be 84/30 - (-2)/10. Suppose t*u - 376 - 194 = 0. Suppose 22*j - 88 - 102 = 30. Calculate the greatest common factor of u and j.
10
Suppose -6*u = -2*u - 512. Let r = 14422 + -14406. What is the highest common divisor of u and r?
16
Suppose -2*r + 180 + 71 = i, i = 3*r + 266. Let m = -236 + i. What is the greatest common divisor of m and 105?
21
Let h be (-35)/((-407)/(-462) + -1). What is the greatest common factor of h and 378?
42
Let u(g) = 7*g**2 - g + 3. Suppose -3*o + o + 4 = 2*a, -10 = 5*a - 5*o. Suppose a = i - 4 + 1. Let z be u(i). Calculate the greatest common factor of z and 7.
7
Let y(o) = -o**3 + 9*o**2 - 23*o - 140. Let s be y(-7). Calculate the highest common divisor of s and 35.
35
Let q(s) = 111*s + 2. Let z be q(-1). Let d = z + 156. Suppose 0 = -48*w + d*w + 22. Calculate the highest common divisor of w and 22.
22
Let h = -6430 + 6590. Let z(v) = 7*v**2 + 2*v - 4. Let n be z(-4). Calculate the highest common factor of n and h.
20
Let x(r) = -r**3 + 4*r**2 - r + 5. Let b be x(4). Let v = b + 5. Suppose -3*k - 9 = -v*k, 2*k = l - 8. What is the greatest common factor of 7 and l?
7
Let u be ((-11)/(-3))/(2/174). Let p = -21926 + 21955. What is the highest common factor of p and u?
29
Let i = 79459 - 53539. What is the greatest common divisor of 81 and i?
81
Suppose -2413 = 11*f + 3670. Let h = f - -569. Calculate the highest common divisor of h and 14.
2
Suppose -w - 10182 + 15317 = 0. Calculate the highest common factor of 65 and w.
65
Suppose 0 = -3*i + 5*i - 112. Suppose -6*v + 1931 = -625. Let a be v/15 - (-2)/(-5). What is the highest common factor of i and a?
28
Let y(t) = -7*t - 27. Let b be y(10). Let z = -93 - b. Let o be 16 - ((-8)/(-1))/z. Calculate the highest common factor of 98 and o.
14
Let v be 1/((-30)/84)*15/(-6). Let a be (-5720)/(-91) - 1*(-1)/v. Let f be -9*2/((-6)/3). What is the highest common divisor of f and a?
9
Suppose -456*b = 13*b - 2814. Let i = 4 + 38. Calculate the highest common factor of i and b.
6
Let q = -261 + 263. Suppose -u - q = 2*t + 2*t, -5*u + 3*t = -105. What is the greatest common factor of u and 45?
9
Suppose -p + 4*p = 0, -5*j = 3*p - 95. Let s be (-25)/(250/60) + 903. Let o = s + -840. What is the highest common factor of j and o?
19
Let b be 5 - (-13935)/20 - (-4)/16. Calculate the greatest common divisor of 78 and b.
78
Let b(i) = -5*i**2 - 4*i + 9 - 38*i**3 + 37*i**3 + 15*i**2 - 7. Let g be b(8). What is the highest common factor of g and 147?
49
Suppose 0 = 11*a + 92*a - 236488. Calculate the greatest common divisor of a and 246.
82
Suppose -198 = -f + 5*j, 5*f - 6*f + 178 = 5*j. Let p = 262 - f. What is the highest common divisor of p and 222?
74
Let r(f) = -2*f**3 + 30*f**2 + 2*f + 10. Let q be r(15). Calculate the greatest common divisor of q and 14.
2
Let w(c) be the second derivative of 15*c**4/4 - 2*c**3 - 13*c**2/2 - 57*c. Let u be w(-1). What is the highest common factor of 16 and u?
4
Let c = -58 + 88. Let h be (-2)/10 + 2106/c. Let b = -9560 + 9595. What is the greatest common divisor of b and h?
35
Let o(q) = 24*q - 396. Let x be o(30). Let h = x + -317. What is the highest common factor of h and 1211?
7
Suppose i = 7, 124 = -150*y + 154*y + 4*i. Calculate the highest common factor of 17496 and y.
24
Suppose -2*q + 3*q + 58 = 5*m, -3*m + 2*q = -32. Suppose o = 5*o - 16. Suppose -m - 12 = -o*l. Calculate the greatest common factor of 18 and l.
6
Suppose 800 = 6*g + 74*g. Calculate the greatest common factor of 3430 and g.
10
Let n be 61/(-6)*-9*2/(-1). Let m = -150 - n. What is the greatest common divisor of m and 55?
11
Let o(u) = u**2 - 35*u - 25004. Let h be o(-142). Let q = 6 - 2. What is the highest common factor of q and h?
2
Let o = -191 - -207. Suppose -w + 40 + 0 = 0. What is the highest common divisor of o and w?
8
Let i = 47 + -53. Let d = -98 - i. Let f = d + 212. What is the greatest common factor of 20 and f?
20
Let h(z) = -z**3 + 134*z**2 + 267*z + 686. Let p be h(136). Calculate the greatest common divisor of p and 4341.
3
Suppose 90*g = -53*g + 110*g + 11253. Calculate the highest common factor of g and 143.
11
Suppose 2*p + 244*k - 9426 = 247*k, -8 = -2*k. Calculate the highest common divisor of p and 3.
3
Let z = -100 - -75. Let q be (-7100)/30*45/z. Calculate the greatest common divisor of q and 12.
6
Let f(z) = 1187*z - 5446. Let m be f(26). Calculate the greatest common divisor of 72 and m.
72
Let u be (-86 - 0) + -1 + -2. Let b = -86 - u. What is the highest common factor of b and 1?
1
Let r be -7*10/(-175)*635. Suppose -l + 65 = 5*p, 3*p + r = 3*l + 23. Suppose 26 = -5*c + 101. Calculate the greatest common factor of l and c.
15
Let o be (1 - 2)/((-4)/8*-2). Suppose q + 5 = j, 2*j - 2 - 8 = q. Let m be (-7)/((-1)/(-20)*o - q). What is the greatest common divisor of m and 20?
20
Let v be -902 + (1 - 1/(-4)*4). Let c = v + 1143. Calculate the highest 